{"id":11,"date":"2021-12-15T09:09:17","date_gmt":"2021-12-15T09:09:17","guid":{"rendered":"https:\/\/startersites.io\/blocksy\/garderobe\/?page_id=11"},"modified":"2025-11-17T07:30:55","modified_gmt":"2025-11-17T07:30:55","slug":"news","status":"publish","type":"page","link":"https:\/\/beyonte.in\/?page_id=11","title":{"rendered":"News"},"content":{"rendered":"\t\t<div data-elementor-type=\"wp-page\" data-elementor-id=\"11\" class=\"elementor elementor-11\">\n\t\t\t\t<div class=\"elementor-element elementor-element-7e35298 e-con-full e-flex e-con e-parent\" data-id=\"7e35298\" data-element_type=\"container\" data-e-type=\"container\">\n\t\t\t\t<div class=\"elementor-element elementor-element-b3463f9 elementor-widget elementor-widget-image\" data-id=\"b3463f9\" data-element_type=\"widget\" data-e-type=\"widget\" data-widget_type=\"image.default\">\n\t\t\t\t\t\t\t\t\t\t\t\t\t\t\t<img fetchpriority=\"high\" decoding=\"async\" width=\"1903\" height=\"549\" src=\"https:\/\/beyonte.in\/wp-content\/uploads\/2025\/11\/Blog-banner-final.jpg\" class=\"attachment-full size-full wp-image-1252\" alt=\"\" srcset=\"https:\/\/beyonte.in\/wp-content\/uploads\/2025\/11\/Blog-banner-final.jpg 1903w, https:\/\/beyonte.in\/wp-content\/uploads\/2025\/11\/Blog-banner-final-300x87.jpg 300w, https:\/\/beyonte.in\/wp-content\/uploads\/2025\/11\/Blog-banner-final-1024x295.jpg 1024w, https:\/\/beyonte.in\/wp-content\/uploads\/2025\/11\/Blog-banner-final-768x222.jpg 768w, https:\/\/beyonte.in\/wp-content\/uploads\/2025\/11\/Blog-banner-final-1536x443.jpg 1536w, https:\/\/beyonte.in\/wp-content\/uploads\/2025\/11\/Blog-banner-final-600x173.jpg 600w\" sizes=\"(max-width: 1903px) 100vw, 1903px\" \/>\t\t\t\t\t\t\t\t\t\t\t\t\t\t\t<\/div>\n\t\t\t\t<\/div>\n\t\t<div class=\"elementor-element elementor-element-ff09b64 e-flex e-con-boxed e-con e-parent\" data-id=\"ff09b64\" data-element_type=\"container\" data-e-type=\"container\">\n\t\t\t\t\t<div class=\"e-con-inner\">\n\t\t\t\t<div class=\"elementor-element elementor-element-ed1d84e elementor-widget elementor-widget-skt-page-title skt-addon skt-page-title\" data-id=\"ed1d84e\" data-element_type=\"widget\" data-e-type=\"widget\" data-widget_type=\"skt-page-title.default\">\n\t\t\t\t<div class=\"elementor-widget-container\">\n\t\t\t\t\t<h2 class=\"skt-page-title elementor-size-default\">News<\/h2>\t\t\t\t<\/div>\n\t\t\t\t<\/div>\n\t\t\t\t\t<\/div>\n\t\t\t\t<\/div>\n\t\t<div class=\"elementor-element elementor-element-5484e99 e-flex e-con-boxed e-con e-parent\" data-id=\"5484e99\" data-element_type=\"container\" data-e-type=\"container\">\n\t\t\t\t\t<div class=\"e-con-inner\">\n\t\t\t\t<div class=\"elementor-element elementor-element-8054265 skt-pg-grid-3 skt-pg-grid-tablet-2 skt-pg-grid-mobile-1 elementor-widget elementor-widget-skt-post-grid-new skt-addon skt-post-grid-new\" data-id=\"8054265\" data-element_type=\"widget\" data-e-type=\"widget\" data-settings=\"{&quot;columns&quot;:&quot;3&quot;,&quot;columns_tablet&quot;:&quot;2&quot;,&quot;columns_mobile&quot;:&quot;1&quot;}\" data-widget_type=\"skt-post-grid-new.default\">\n\t\t\t\t<div class=\"elementor-widget-container\">\n\t\t\t\t\t\t\t\t\t\t\t<div class=\"skt-pg-wrapper skt-pg-default skt-pg-classic\">\r\n\t\t\t\t\t<div class=\"skt-pg-grid-wrap\">\r\n\t\t\t\t\t\r\n\t\t\t\t\t\t\t\t<div class=\"skt-pg-item\">\r\n\t\t\t\t\t\t<div class=\"skt-pg-content-area\">\r\n\r\n\t\t\t\t<h4 class=\"skt-pg-title\"><a href=\"https:\/\/beyonte.in\/?p=2030\">Qual \u00e9 A S\u00e9rie De N\u00famero Dos Slots Eletr\u00f4nicos Do Cassino<\/a><\/h4>\r\n\t\t\t\t\t\t\t<div class=\"skt-pg-meta-wrap\">\r\n\t\t\t\t<ul>\r\n\t\t\t\t\t\t\t\t\t\t\t<li class=\"skt-pg-author\">\r\n\t\t\t\t\t\t\t\t<a class=\"skt-pg-author-text\" href=\"https:\/\/beyonte.in\/?author=3\">\r\n\t\t\t\t\t\t\t<svg xmlns=\"http:\/\/www.w3.org\/2000\/svg\" width=\"32\" height=\"32\" viewBox=\"0 0 32 32\"><path d=\"M30 26.4V29c0 1.7-1.3 3-3 3H5c-1.7 0-3-1.3-3-3v-2.6c0-4.6 3.8-8.4 8.4-8.4h1c1.4 0.6 2.9 1 4.6 1s3.2-0.4 4.6-1h1C26.2 18 30 21.8 30 26.4zM8 8c0-4.4 3.6-8 8-8s8 3.6 8 8 -3.6 8-8 8S8 12.4 8 8z\"\/><\/svg>\r\n\t\t\t\t\t\tarticles_user\t\t<\/a>\r\n\t\t\t\t\t\t\t\t<\/li>\r\n\t\t\t\t\t\t\t\t\t\t\t\t\t\t\t\t<li class=\"skt-pg-date\">\r\n\t\t\t\t\t\t\t\t\t<a class=\"skt-pg-date-text\" href=\"https:\/\/beyonte.in\/?m=20260407\">\r\n\t\t\t\t\t\t\t<svg xmlns=\"http:\/\/www.w3.org\/2000\/svg\" width=\"32\" height=\"32\" viewBox=\"0 0 32 32\"><path d=\"M32 16c0 8.8-7.2 16-16 16S0 24.8 0 16 7.2 0 16 0 32 7.2 32 16zM22.2 19.5c0-0.3-0.2-0.6-0.4-0.8L18.1 16V6.7c0-0.6-0.5-1-1-1H15c-0.6 0-1 0.5-1 1v10 0c0 0.7 0.4 1.6 1 2l4.3 3.2c0.2 0.1 0.4 0.2 0.6 0.2 0.3 0 0.6-0.2 0.8-0.4l1.3-1.6C22.1 20 22.2 19.7 22.2 19.5z\"\/><\/svg>\r\n\t\t\t\t\t\tApril 7, 2026\t\t<\/a>\r\n\t\t\t\t\t\t\t\t<\/li>\r\n\t\t\t\t\t\t\t\t\t\t\t\t\t\t<\/ul>\r\n\t\t\t<\/div>\r\n\t\t\r\n\t\t\t\t\t\t\t<div class=\"skt-pg-excerpt\">\r\n\t\t\t\t<p>Qual \u00e9 A S\u00e9rie De N\u00famero Dos Slots Eletr\u00f4nicos Do Cassino O Jackpot City Casino&hellip;<\/p>\t\t\t<\/div>\r\n\t\t\r\n\t\t\t\t<div class=\"skt-pg-readmore\"><a href=\"https:\/\/beyonte.in\/?p=2030\" target=\"_blank\">Continue Reading \u00bb<\/a><\/div>\t\t\t<\/div>\r\n\t\t<\/div>\r\n\t\r\n\t\t\t\t\t\r\n\t\t\t\t\t\t\t\t<div class=\"skt-pg-item\">\r\n\t\t\t\t\t\t<div class=\"skt-pg-content-area\">\r\n\r\n\t\t\t\t<h4 class=\"skt-pg-title\"><a href=\"https:\/\/beyonte.in\/?p=1958\">Roulette Con Soldi Macchinette Da Gioco 2026<\/a><\/h4>\r\n\t\t\t\t\t\t\t<div class=\"skt-pg-meta-wrap\">\r\n\t\t\t\t<ul>\r\n\t\t\t\t\t\t\t\t\t\t\t<li class=\"skt-pg-author\">\r\n\t\t\t\t\t\t\t\t<a class=\"skt-pg-author-text\" href=\"https:\/\/beyonte.in\/?author=3\">\r\n\t\t\t\t\t\t\t<svg xmlns=\"http:\/\/www.w3.org\/2000\/svg\" width=\"32\" height=\"32\" viewBox=\"0 0 32 32\"><path d=\"M30 26.4V29c0 1.7-1.3 3-3 3H5c-1.7 0-3-1.3-3-3v-2.6c0-4.6 3.8-8.4 8.4-8.4h1c1.4 0.6 2.9 1 4.6 1s3.2-0.4 4.6-1h1C26.2 18 30 21.8 30 26.4zM8 8c0-4.4 3.6-8 8-8s8 3.6 8 8 -3.6 8-8 8S8 12.4 8 8z\"\/><\/svg>\r\n\t\t\t\t\t\tarticles_user\t\t<\/a>\r\n\t\t\t\t\t\t\t\t<\/li>\r\n\t\t\t\t\t\t\t\t\t\t\t\t\t\t\t\t<li class=\"skt-pg-date\">\r\n\t\t\t\t\t\t\t\t\t<a class=\"skt-pg-date-text\" href=\"https:\/\/beyonte.in\/?m=20260407\">\r\n\t\t\t\t\t\t\t<svg xmlns=\"http:\/\/www.w3.org\/2000\/svg\" width=\"32\" height=\"32\" viewBox=\"0 0 32 32\"><path d=\"M32 16c0 8.8-7.2 16-16 16S0 24.8 0 16 7.2 0 16 0 32 7.2 32 16zM22.2 19.5c0-0.3-0.2-0.6-0.4-0.8L18.1 16V6.7c0-0.6-0.5-1-1-1H15c-0.6 0-1 0.5-1 1v10 0c0 0.7 0.4 1.6 1 2l4.3 3.2c0.2 0.1 0.4 0.2 0.6 0.2 0.3 0 0.6-0.2 0.8-0.4l1.3-1.6C22.1 20 22.2 19.7 22.2 19.5z\"\/><\/svg>\r\n\t\t\t\t\t\tApril 7, 2026\t\t<\/a>\r\n\t\t\t\t\t\t\t\t<\/li>\r\n\t\t\t\t\t\t\t\t\t\t\t\t\t\t<\/ul>\r\n\t\t\t<\/div>\r\n\t\t\r\n\t\t\t\t\t\t\t<div class=\"skt-pg-excerpt\">\r\n\t\t\t\t<p>Roulette Con Soldi Macchinette Da Gioco 2026 Il blackjack \u00e8 rinomato in tutto il mondo&hellip;<\/p>\t\t\t<\/div>\r\n\t\t\r\n\t\t\t\t<div class=\"skt-pg-readmore\"><a href=\"https:\/\/beyonte.in\/?p=1958\" target=\"_blank\">Continue Reading \u00bb<\/a><\/div>\t\t\t<\/div>\r\n\t\t<\/div>\r\n\t\r\n\t\t\t\t\t\r\n\t\t\t\t\t\t\t\t<div class=\"skt-pg-item\">\r\n\t\t\t\t\t\t<div class=\"skt-pg-content-area\">\r\n\r\n\t\t\t\t<h4 class=\"skt-pg-title\"><a href=\"https:\/\/beyonte.in\/?p=1916\">Probabilidad Con 3 Slots Valencia<\/a><\/h4>\r\n\t\t\t\t\t\t\t<div class=\"skt-pg-meta-wrap\">\r\n\t\t\t\t<ul>\r\n\t\t\t\t\t\t\t\t\t\t\t<li class=\"skt-pg-author\">\r\n\t\t\t\t\t\t\t\t<a class=\"skt-pg-author-text\" href=\"https:\/\/beyonte.in\/?author=3\">\r\n\t\t\t\t\t\t\t<svg xmlns=\"http:\/\/www.w3.org\/2000\/svg\" width=\"32\" height=\"32\" viewBox=\"0 0 32 32\"><path d=\"M30 26.4V29c0 1.7-1.3 3-3 3H5c-1.7 0-3-1.3-3-3v-2.6c0-4.6 3.8-8.4 8.4-8.4h1c1.4 0.6 2.9 1 4.6 1s3.2-0.4 4.6-1h1C26.2 18 30 21.8 30 26.4zM8 8c0-4.4 3.6-8 8-8s8 3.6 8 8 -3.6 8-8 8S8 12.4 8 8z\"\/><\/svg>\r\n\t\t\t\t\t\tarticles_user\t\t<\/a>\r\n\t\t\t\t\t\t\t\t<\/li>\r\n\t\t\t\t\t\t\t\t\t\t\t\t\t\t\t\t<li class=\"skt-pg-date\">\r\n\t\t\t\t\t\t\t\t\t<a class=\"skt-pg-date-text\" href=\"https:\/\/beyonte.in\/?m=20260405\">\r\n\t\t\t\t\t\t\t<svg xmlns=\"http:\/\/www.w3.org\/2000\/svg\" width=\"32\" height=\"32\" viewBox=\"0 0 32 32\"><path d=\"M32 16c0 8.8-7.2 16-16 16S0 24.8 0 16 7.2 0 16 0 32 7.2 32 16zM22.2 19.5c0-0.3-0.2-0.6-0.4-0.8L18.1 16V6.7c0-0.6-0.5-1-1-1H15c-0.6 0-1 0.5-1 1v10 0c0 0.7 0.4 1.6 1 2l4.3 3.2c0.2 0.1 0.4 0.2 0.6 0.2 0.3 0 0.6-0.2 0.8-0.4l1.3-1.6C22.1 20 22.2 19.7 22.2 19.5z\"\/><\/svg>\r\n\t\t\t\t\t\tApril 5, 2026\t\t<\/a>\r\n\t\t\t\t\t\t\t\t<\/li>\r\n\t\t\t\t\t\t\t\t\t\t\t\t\t\t<\/ul>\r\n\t\t\t<\/div>\r\n\t\t\r\n\t\t\t\t\t\t\t<div class=\"skt-pg-excerpt\">\r\n\t\t\t\t<p>Probabilidad Con 3 Slots Valencia Bonos de giros gratuitos del mes El desarrollador se ha&hellip;<\/p>\t\t\t<\/div>\r\n\t\t\r\n\t\t\t\t<div class=\"skt-pg-readmore\"><a href=\"https:\/\/beyonte.in\/?p=1916\" target=\"_blank\">Continue Reading \u00bb<\/a><\/div>\t\t\t<\/div>\r\n\t\t<\/div>\r\n\t\r\n\t\t\t\t\t\t\t\t\t\t\t\t\t\t\t<\/div>\r\n\t\t\t\t<\/div>\r\n\t\t\t\t\t\t\t\t\t<\/div>\n\t\t\t\t<\/div>\n\t\t\t\t\t<\/div>\n\t\t\t\t<\/div>\n\t\t\t\t<\/div>\n\t\t","protected":false},"excerpt":{"rendered":"<p>News Lifestyle Lobortis Elementum Nibhtellus Molestie Mauris absrenterprises December 24, 2021 Lorem ipsum dolor sit amet, consectetur adipiscing elit, sed do eiusmod tempor incididunt ut labore&hellip; Continue Reading \u00bb Trends Condimentum Odvenenatis Vestibulum Dapibus absrenterprises December 24, 2021 Lorem ipsum dolor sit amet, consectetur adipiscing elit, sed do eiusmod tempor incididunt ut labore&hellip; Continue Reading [&hellip;]<\/p>\n","protected":false},"author":1,"featured_media":0,"parent":0,"menu_order":0,"comment_status":"closed","ping_status":"closed","template":"elementor_header_footer","meta":{"footnotes":""},"class_list":["post-11","page","type-page","status-publish","hentry"],"blocksy_meta":[],"_links":{"self":[{"href":"https:\/\/beyonte.in\/index.php?rest_route=\/wp\/v2\/pages\/11","targetHints":{"allow":["GET"]}}],"collection":[{"href":"https:\/\/beyonte.in\/index.php?rest_route=\/wp\/v2\/pages"}],"about":[{"href":"https:\/\/beyonte.in\/index.php?rest_route=\/wp\/v2\/types\/page"}],"author":[{"embeddable":true,"href":"https:\/\/beyonte.in\/index.php?rest_route=\/wp\/v2\/users\/1"}],"replies":[{"embeddable":true,"href":"https:\/\/beyonte.in\/index.php?rest_route=%2Fwp%2Fv2%2Fcomments&post=11"}],"version-history":[{"count":10,"href":"https:\/\/beyonte.in\/index.php?rest_route=\/wp\/v2\/pages\/11\/revisions"}],"predecessor-version":[{"id":1262,"href":"https:\/\/beyonte.in\/index.php?rest_route=\/wp\/v2\/pages\/11\/revisions\/1262"}],"wp:attachment":[{"href":"https:\/\/beyonte.in\/index.php?rest_route=%2Fwp%2Fv2%2Fmedia&parent=11"}],"curies":[{"name":"wp","href":"https:\/\/api.w.org\/{rel}","templated":true}]}}